= j, -22 = -2*j + 5*u. Calculate x(j).
-10
Let m(r) = -r**2 - 8*r + 19. Let q be m(-9). Suppose -q*x + 32 = 6*x. Let b(y) = y**3 - 3*y**2 + 2*y + 1. What is b(x)?
1
Let k(d) = -d**2 - 33*d + 46. Let s(v) = 33*v - 50. Let g(y) = -3*k(y) - 2*s(y). Let i(t) = -t**2 - 11*t + 13. Let z(m) = -3*g(m) - 8*i(m). Give z(-11).
10
Let r(q) = q**3 + 3*q**2 - 3*q + 2. Let y(t) = t + 3. Let k be y(0). Suppose -k*j = 4*c + 8, -4*c + 3*j = -0*j - 16. Let o = c - 5. Calculate r(o).
-2
Let a(v) = -3*v - 3. Let i be 12/(-30) + (-1)/(15/(-426)). Let q be i/(-12) + 4/(-6) + 7. Calculate a(q).
-15
Let t(f) = 11*f**2 + 68*f - 41. Let z(h) = 32*h**2 + 200*h - 118. Let w(y) = 17*t(y) - 6*z(y). What is w(-9)?
2
Let r(p) = 5*p + 22. Let k(a) = -3*a**3 + 16*a**2 - 24*a + 86. Let l be k(5). Give r(l).
-23
Let j(y) be the first derivative of -y**3/6 - y**2/2 - 292*y + 95. Let g(f) be the first derivative of j(f). Suppose 0 = v + 3 + 2. Calculate g(v).
4
Let k be (2/6)/(2/(-12)). Let c(q) = q**3 + 4*q**2 - 16*q - 16. Let i be c(-6). Let h(s) = 1 - 34*s + 12*s + 17*s + i*s. Give h(k).
-5
Let l(a) = 1079*a + 8629. Let h be l(-8). Let m(s) = -6 + s**3 + 0 - s + 5*s**2 + 2. Determine m(h).
17
Let x(u) = 3*u**2 - 10*u + 9. Let c(f) = -10*f**2 + 29*f - 31. Let p(y) = 4*c(y) + 13*x(y). What is p(-15)?
-22
Let w(j) = j**2 - 2 + 1 - 5 - 13*j + 17*j - 7*j. Calculate w(8).
34
Let g(o) = o + 4. Suppose -5*c + 5*u + 87 = -2*c, -4*u - 12 = 0. Let x = -37 + c. Determine g(x).
-9
Let t(u) = u**3 - 4*u**2 + 3*u - 3. Let s be 1*-10*(-5)/10. Suppose 5*j = -4*o - 6, -j + s*o + 5 = 12. Let i be (j*3*(-3)/6)/1. Determine t(i).
-3
Let v(h) = h**2 + 6*h + 12. Let i be v(-6). Let p be -4 - 1/((i/3)/(-4)). Let f(u) = 7*u - 3. Determine f(p).
-24
Let k be (247 - -3)/(-5 - -7). Suppose 7*h + k = 12*h. Let j(f) = -f**2 - 15*f - 9*f + h*f. Determine j(4).
-12
Let a(r) = r**2 + 6*r + 1. Let w(s) = -s**3 + s**2 + s + 16. Let j be w(0). Let u = -49 + j. Let q = u - -29. Calculate a(q).
-7
Let m(u) = -36*u**2 + 13 - 4*u + 16*u**2 - 11 - 2*u**3 + 14*u**2. Determine m(-3).
14
Let g = 3730 - 3740. Let i(z) = -21*z - 207. Give i(g).
3
Suppose 0 = -5*l - 5*v + 16 + 14, -2*l + 4*v - 6 = 0. Suppose 0*b = -5*b + 2*k - 51, 0 = 4*b - l*k + 45. Let u(w) = w**3 + 10*w**2 + 9*w - 9. What is u(b)?
-9
Suppose 5*c = 6*n - 4*n + 90, 0 = 4*c - n - 75. Let y be (16/20*-1)/((-2)/c). Let b(s) = -s**3 + 9*s**2 - 7*s - 1. Determine b(y).
7
Let w(k) = -k**3 + 6*k**2 - 15*k + 97. Let h be w(6). Let y(t) = 4*t**2 - 25*t + 8. Give y(h).
29
Let b(m) be the second derivative of -m**4/12 - 5*m**3/6 + 7*m**2 - 11*m - 107. Determine b(-7).
0
Let v(l) = 4*l**2 + 138*l - 72. Let f be v(-35). Let z(b) = -6*b**3 - 2*b**2 - b - 3. What is z(f)?
39
Let p(v) = 4 - 5 + 3 - v. Suppose -40 = 6*o + 164. Let h(b) = -b**3 - 33*b**2 + 29*b - 163. Let m be h(o). Calculate p(m).
-5
Let h(i) be the first derivative of i**3 + 3*i**2 + 2*i + 1257. Determine h(-3).
11
Let d = 16122 - 16096. Let f(m) = 2*m - 46. Give f(d).
6
Let w(a) = -a**3 + 16*a**2 + 2*a - 36. Let q be 750/45 - (-4)/(-6). Determine w(q).
-4
Suppose 0 = -i + 4*i. Suppose 2*b - 5*p - 4 = i, p - 5*p - 11 = b. Let j(m) = 3*m + 17 - 35 + 15. Give j(b).
-12
Let o(w) be the first derivative of -w**5/60 + w**4/6 - w**3/2 - 65*w**2 - 8. Let n(y) be the second derivative of o(y). Calculate n(2).
1
Let t(p) = 2*p**3 - 28*p**2 + 29*p - 31. Let v(m) = -13*m + 429. Let u be v(32). Calculate t(u).
8
Let o(s) = s**2 - 6*s - 31. Let g = -3726 - -3737. Give o(g).
24
Let u(s) = 2*s**2 + s + 3. Let c be ((-36)/(-20))/(-3) + (-138)/(-30). Determine u(c).
39
Let z(p) = -p**3 + 3*p**2 + p + 3. Suppose -3*m = -18 - 60. Let v(n) = -101*n - 22. Let o(b) = 17*b. Let k(s) = 6*o(s) + v(s). Let i be k(m). What is z(i)?
-9
Let p(m) = -5*m + 18. Let d(v) = 2*v. Let c(t) = -2*d(t) - p(t). Let n be c(23). Let b = n - 9. Let z(f) = 5*f + 1. What is z(b)?
-19
Let w(t) = -t**3 + 19*t**2 - 57*t + 71. Let r be w(16). Let p(a) = 2*a**2 + 139*a - 518. Calculate p(r).
-7
Let y(t) = -t + 2. Let f(l) = -5*l + 11. Suppose 10 = 2*j, k + 2*j - 9 = -0*k. Let x(d) = k*f(d) + 2*y(d). What is x(-5)?
-22
Let i(d) = -5*d**3 - 9*d**2 + 7*d + 2. Let j(x) = -x**3 - 2*x**2 + x. Let f(v) = -i(v) + 6*j(v). Let q = -28 + 35. Let s be q/(-42) + (-17)/6. Calculate f(s).
1
Let o = -196 - -197. Suppose 0 = 5*x - 2*k - k - 44, 4*x - 43 = 5*k. Let y(p) = x*p + o - 3*p + 5*p - 4*p. Determine y(1).
6
Let w = 553 - 427. Suppose w = -6*y + 114. Let u(h) = h + 1. Give u(y).
-1
Let s(v) = 4*v + 516 - 1542 + 522 + 510 + v**2. Let h = 90 - 92. What is s(h)?
2
Let v(i) = -i**2 + 11*i - 20. Let l be v(8). Suppose l*n - 2 = 22. Let a(r) = 7*r**2 + 1 + r + 6 + 0*r - n. Give a(-1).
7
Let l = -210185 - -210181. Let q(y) = 5 + 0 - y + 3*y. Calculate q(l).
-3
Let n(o) = o**3 + 7*o**2 + 8*o + 16. Let g(c) = -2*c**3 - 13*c**2 - 15*c - 33. Let v(j) = 3*g(j) + 7*n(j). Let z be (54/12)/(126/(-252)). Give v(z).
-5
Let d(w) = -w**3 - w - 4. Let j(i) = -5*i**3 + 42*i**2 - 49*i + 152. Let y(f) = -4*d(f) + j(f). What is y(41)?
4
Suppose 4*j + 0 - 28 = 0. Let y(s) = s**3 + 257075*s**2 + 6 - 2*s - 128543*s**2 - 128539*s**2. Determine y(j).
-8
Let w(u) = u**3 - 10*u**2 - 22*u - 17. Let k be w(12). Let z(l) = -14*l + 5*l + 9 + k*l. Calculate z(6).
-3
Let c be ((-96)/(-20))/(28/210). Suppose -c = -5*a - a. Let l(s) = 7*s + 1. Determine l(a).
43
Suppose -2*p + 4*z + 10 = 0, 2*p + 5*z - 40 = 3*z. Let d(s) be the second derivative of -4*s**2 + 0 + 1/12*s**4 + 7/6*s**3 - p*s. Give d(-7).
-8
Let k(h) = 3*h**2 + 4*h**2 - 4*h**2 + 2*h**3 + 5*h - 8*h**2 - 3. Suppose s + 9 = 3*a, -s = -2*a + 1 + 4. Calculate k(s).
21
Let o be (24/(-60) - (-63)/(-30))/((-6)/(-12)). Let n(t) = -t**3 - 2*t**2 + 5*t + 3. Give n(o).
53
Let j(q) = 14*q**2 - 14*q + 24. Let l(d) = -5*d**2 + 4*d - 9. Let n(z) = 6*j(z) + 17*l(z). Determine n(-16).
-9
Let a(z) = 4*z - 3*z + 4 + 1. Suppose -5530 = -1158*w + 52*w. What is a(w)?
10
Let q(i) = 5*i - 1. Let m(j) be the third derivative of -7/6*j**3 + 1/120*j**6 + 0 + 1/15*j**5 - 7/24*j**4 + 0*j + 17*j**2. Let r be m(-5). What is q(r)?
14
Let d(g) = -g**2 + 13*g - 10. Suppose f - 3*f - 8 = 5*b, -4 = -4*f - 5*b. Suppose -12 = -4*s, -s = w - f*w + 62. Calculate d(w).
-10
Let s(x) = 2*x**2 - 3*x - 4. Let u(j) be the first derivative of j**3/3 + 7*j**2 + 4*j - 76. Let r be u(-14). Give s(r).
16
Let r(z) = 5*z + 7. Let m(y) = -3*y - 4. Let p(o) = -9*m(o) - 4*r(o). Suppose -3*s - 13 = 5. Calculate p(s).
-34
Suppose -v = -2*v + 4. Let g = -1 + v. Suppose g*s = 4*o - 29, 32 = -2*s - 2*s + 4*o. Let a(n) = 7*n + 4. Give a(s).
-17
Let l(p) = -p**2 + 9*p - 2. Let x(c) = 371*c + 2231. Let v be x(-6). Give l(v).
18
Suppose -122*m = 122*m - 251*m + 84. Let d(s) = s**2 - 10*s - 23. Calculate d(m).
1
Suppose -3*y + 434 = -18*y + 344. Let m(k) = 0 - 2 + 5*k - 6*k. Give m(y).
4
Let a(v) be the second derivative of -v**5/20 + v**4/6 + 3*v**2/2 + 3115*v - 1. Let y = -7 + 10. Calculate a(y).
-6
Let j(k) = 34*k - 31. Let t(x) = 47*x - 34. Let d(c) = 4*j(c) - 3*t(c). Determine d(11).
-77
Let a(z) be the second derivative of -z**6/360 + z**5/60 - 155*z**4/12 + 52*z. Let j(p) be the third derivative of a(p). Let i = 2 + 2. Calculate j(i).
-6
Let j(z) = z**3 + 13*z**2 - 13*z + 9. Let d be j(-14). Let m(g) = -254*g - 252*g + 507*g. What is m(d)?
-5
Let m(k) = -2*k**3 + k**2 + 2*k - 1. Let c = 5 + -3. Let f(i) = -402*i - 5223. Let a be f(-13). Suppose d - 1 + 6 = 0, a*d = -c*s - 11. Determine m(s).
-9
Let f(z) = -3*z**2 - 43*z + 31. Let a(t) = 2*t**2 + 22*t - 15. Let i(c) = -5*a(c) - 3*f(c). Determine i(15).
42
Let v = -12 + 18. Let w be ((-9)/v)/((-6)/(-24)). Let h(s) = 0 + 0 - 208*s**2 + 6*s**3 + 201*s**2 - 7*s - 7*s**3. Give h(w).
6
Suppose 0 = 77*p - 868 + 3409. Let z = -64 + 25. Let f = z - p. Let j(h) = h**3 + 5*h**2 - 5*h - 1. Determine j(f).
-7
Let p be (-106)/(-742) - (-50)/(-7). Let s(c) = c**2 + 10*c + 12. Calculate s(p).
-9
Let t(h) = -h + 1. Let l be (-1025)/(-35) + (-2)/7. Suppose 4*m - l = -m + 3*z, z = -m + 1. Suppose -4*b - 3*o + 0 = -14, b + 3 = -m*o. Give t(b).
-4
Let c(u) = u. Let f(g) = -7*g - 3. Let h(o) = -5*c(o) - f(o). Let a = -1153 - -1267. Let q be (1 + -3)/(57/a). What is h(q)?
-5
Let n = -434 + 436. Let p(j) = -n*j**3 + 7*j**2 + 0*j**3 - j + 3*j**3 + j**3 - 9*j**2. Suppose